nder when 57 is divided by k(1)?
1
Let s be (2 + 314)/2 - 1. Suppose 0*j + s = 4*j + 3*b, 2*j - 79 = -b. Let w = -14 + j. Calculate the remainder when w is divided by 14.
12
Suppose -134 = 4*j - 7*j + 4*u, -5*j + 235 = 5*u. Let q = 298 + -296. Suppose 19 + q = k - 3*x, 3*k - 4*x = 48. What is the remainder when j is divided by k?
10
Calculate the remainder when -14 - (12480/(-3))/4 is divided by 172.
166
Let z = 24 + -23. Suppose 5*q + d - 1 = 2*q, d = -4*q + z. Suppose 3*x + 124 = -q*i + 2*i, -x - 62 = -i. What is the remainder when i is divided by 13?
10
Suppose 9*l - 2*l = 112. Suppose -522 = -5*f - 2*d, -4*d = -0*d + l. Suppose 3*z = 27 + 81. Calculate the remainder when f is divided by z.
34
Let k be 1*-50*(-1)/2. Suppose 2*a - a + w = k, 3*a = 5*w + 35. Suppose -512 = -4*v - 42*i + 39*i, 2*v - i = 226. What is the remainder when v is divided by a?
19
Suppose -5*j = -15 + 5, 0 = 2*r - j + 4. Suppose -3*s + 54 = 3*c, -5*c + 43 = s - 47. What is the remainder when (r/(-4))/(6/1128) is divided by c?
11
Let v = 279 + -341. Let o be ((-172)/(-2 - 2))/(-1). Let q = o - v. Calculate the remainder when q is divided by 7.
5
Let g = 32947 - 32940. Calculate the remainder when 304 is divided by g.
3
Suppose 4*c - 24 = 8. Let p = -420 + 540. What is the remainder when p is divided by c?
0
Suppose 0 = b + 5*k - 1092, 1397 - 4743 = -3*b - k. Calculate the remainder when b is divided by 43.
42
Let j be 0/((-8)/4 + 6). Suppose 3*g + 2*w - 119 = j, -4*g - 99 = -5*w - 273. What is the remainder when 69 is divided by g?
28
Suppose 4*n = 2*d + 6916, 0 = -251*n + 248*n - 4*d + 5154. What is the remainder when n is divided by 157?
156
Let q(m) = 5*m**2 - 31*m - 177. Let n be q(-9). Let s = -484 + n. Calculate the remainder when 252 is divided by s.
22
Suppose 0 = -4*r - 3*r + 2618. What is the remainder when r is divided by 5278/174 - ((-24)/(-4))/((-9)/(-2))?
26
Let t = -117 + 130. Suppose 5*m = t*m - 48. Suppose -28 - 50 = -m*x. What is the remainder when x is divided by 2?
1
Suppose -82*g + 1605 = -6044 - 5225. Calculate the remainder when 242 is divided by g.
85
Suppose 5*b + 325 = -5*i, -3*i + 4*i - 2*b + 80 = 0. Let q = i - -223. What is the remainder when q is divided by 11?
10
Calculate the remainder when 6/48*12*34 is divided by 20.
11
Suppose -15 = -5*a, -4*o + a - 1 - 126 = 0. Let m = o - -33. Calculate the remainder when 68 is divided by -1*((-8)/(4/m) - 3).
5
Let u(d) = -d**3 - 19*d**2 - 88*d - 4. Let w be u(-7). Calculate the remainder when 116 is divided by (-8)/w - 148/(-12).
8
Suppose 3*v + 3*w = 7*v + 506, -10 = -5*w. Let f = 221 + v. Calculate the remainder when f is divided by 17.
11
Suppose 3*d - 5*o - 237 = 0, -5*d - 297 = -5*o - 672. Calculate the remainder when 1370 is divided by d.
59
Let v = 130 - 99. Suppose -7*c + v = -39. Let l = 37 - c. Calculate the remainder when l is divided by 19.
8
Calculate the remainder when 2804*(24/32)/(24/16) is divided by 94.
86
Let m(a) = -6 + 0 + 13*a**2 - 20*a**2 + 10*a**2 + 41*a. What is the remainder when 19 is divided by m(-14)?
3
Let y = -6051 + 6150. Let k(f) = -f + 24. Calculate the remainder when y is divided by k(-20).
11
Let s(y) = -4*y + 21. What is the remainder when 194 is divided by s(-28)?
61
Let q = 139 - 121. What is the remainder when (218 - (11 - -9)) + (-1 - 0) is divided by q?
17
Calculate the remainder when 1414 is divided by 36/3*(-1410)/(-188).
64
Suppose 7 = -p + 5*r, 5*p - 4*r - 4 = p. Suppose 19 = -p*n + 103. Calculate the remainder when 164 is divided by n.
24
Suppose 5*n = -3*t + 742, -5*n - 931 = 5*t - 9*t. What is the remainder when t is divided by 49?
43
Let f = -12809 - -12911. Calculate the remainder when 383 is divided by f.
77
Suppose 0 = -4*n + 21*p - 19*p + 68, 5*p + 42 = 2*n. Calculate the remainder when 126 is divided by n.
14
Let g(z) = 2*z**2 + z + 7. Suppose 2*d + 6*n = 7*n + 131, -5*n = 3*d - 164. What is the remainder when d is divided by g(-4)?
28
Let p(o) = 29*o**2 + 13*o - 58. Let y = 83 - 22. Calculate the remainder when p(3) is divided by y.
59
Let h(n) = 85*n**3 + 9*n**2 - 9*n - 1. Let y be h(1). Suppose -11*l + 719 = -y. What is the remainder when l is divided by 46?
27
Suppose 4*j - 7*j + 60 = 0. Let s = 615 - 392. Let v = -126 + s. Calculate the remainder when v is divided by j.
17
Let i(k) = -41*k + 461. What is the remainder when i(-11) is divided by 449?
14
Let u(l) = -304*l - 1542. What is the remainder when 726 is divided by u(-6)?
162
Suppose -h + 891 = -5*k, -3*k = -3*h - 277 + 2854. What is the remainder when h is divided by 10?
1
Let p = -37 + 48. Suppose -122 = -8*u + 3*u - 2*o, 5*o - 6 = -u. Calculate the remainder when u is divided by p.
4
Let m(b) = b**3 + b + 29. Calculate the remainder when m(9) is divided by 35.
32
Let n be (-1)/((-2)/232*4). Suppose -10*z = i - 9*z - n, 5*i - z = 157. Calculate the remainder when 92 is divided by i.
30
Suppose -6 = 68*j - 70*j. What is the remainder when 424 is divided by (j - 15)/4 + (59 - -5)?
58
Let t(r) = -5*r**3 - 24*r**2 - 30*r - 64. What is the remainder when 276 is divided by t(-5)?
54
Let s be 7/(14/6) - -4. Suppose -1443 = 4*y - s*y. Calculate the remainder when y is divided by 69.
67
Suppose -4*i + 4*r + 473 = -23, -4*r - 256 = -2*i. Suppose 23*k = -g + 26*k + 3, -k + 5 = 0. What is the remainder when i is divided by g?
12
Suppose 3*c = -2*a + 157 + 8, -5*a - 38 = -c. Suppose -49*t + c*t - 124 = 0. Calculate the remainder when 102 is divided by t.
9
Suppose 3*a - 104 = -5*u, -2*a - u - 681 + 762 = 0. Suppose m = -2*h + 27, -5*h + 37 + 23 = m. Calculate the remainder when a is divided by h.
10
Let a(x) = 3*x**3 + 10*x**2 + 26*x + 123. Let r be a(-5). Suppose 4*o - 3*o = -1. Calculate the remainder when (-2 - o)/(2/r) is divided by 35.
31
Let t(k) be the second derivative of -k**4/12 - 17*k**3/6 + 17*k**2/2 - 16*k. Let f be t(-18). What is the remainder when 9 is divided by 55/10 - f/2?
3
Let k(o) = -o**3 + 12*o**2 - 33*o + 155. What is the remainder when 64 is divided by k(10)?
14
Let f = -4198 - -5394. What is the remainder when f is divided by 14?
6
Let i be 28/6 + (6 + -3)/9. Suppose -i*h + f - 149 = 0, 31 - 4 = -h + 3*f. Calculate the remainder when 83 is divided by (-672)/h - (-2)/(-5).
17
Suppose 5*w + 77740 = 4*n, -n + 30386 = 2*w + 10964. Calculate the remainder when n is divided by 17.
16
Let j(c) be the first derivative of 3*c**4/2 - 5*c**3/3 + 3*c**2/2 + 4*c - 95. What is the remainder when j(2) is divided by 21?
17
Suppose -55*z - 93*z + 12688 = -44*z. What is the remainder when z is divided by 69?
53
Let f(r) = -87*r + 1299. Calculate the remainder when f(12) is divided by 59.
19
Let j = -423 - -427. Suppose 0 = 4*u + 3*n + j, 5*n = -3*u - 14 - 0. Calculate the remainder when 3 is divided by u.
1
What is the remainder when -3*(-784)/(-35)*(-345)/46 is divided by 176?
152
Let k = 40 + 62. Let l = k - 57. Let i = l - 9. Calculate the remainder when i is divided by 13.
10
Suppose -166*n = -165*n - 51. Calculate the remainder when 451 is divided by n.
43
Calculate the remainder when 199 is divided by ((-2)/4)/((-6)/(-4))*-42.
3
Let m be (-3 + 1)/(-4*8/80). Let d = -76 - -181. Suppose -4*p + 155 = l + p, m*p + d = l. Calculate the remainder when l is divided by 27.
22
Suppose -47 = -b + w, -15*b + 7*w - 144 = -19*b. Calculate the remainder when 902 is divided by b.
42
Let q = -2096 - -2357. What is the remainder when q is divided by 71?
48
Let q be (-3 - (-2)/1) + (2 - 61). Calculate the remainder when (-1)/(-2 + (-116)/q) is divided by 7.
1
Suppose 40 = 186*o - 181*o. Let v(l) = 7*l - 43. Let s(n) = -7*n - 4. Calculate the remainder when s(-4) is divided by v(o).
11
Suppose v + 69 = 5*p, v = 2*p + p - 43. Suppose -p*f = -36*f + 161. Calculate the remainder when 34 is divided by f.
6
Let o be 2*3 + (7 - 8). Suppose 2*d - 168 = -t - 70, -3*t + o*d + 250 = 0. What is the remainder when (t/(-21))/((-3)/21) is divided by 11?
8
Let i = 671 - 665. Suppose -4*k = 4*r - 12, 4*k + 5*r - 2*r = 15. Let q(u) = u - 1. What is the remainder when i is divided by q(k)?
1
Suppose 0 = -j - 3 - 15, -164 = 4*v + 2*j - 184. Let z(g) = g - 4. Let y be z(5). Calculate the remainder when v is divided by (y - -11)/((-3)/(-2)).
6
Let k = -163 - -329. Let t = 768 + -747. Calculate the remainder when k 